{"id":2,"date":"2016-05-10T03:48:21","date_gmt":"2016-05-10T03:48:21","guid":{"rendered":"https:\/\/jugitage-ilfis.tvtrubschachen.ch\/?page_id=2"},"modified":"2024-10-26T13:20:44","modified_gmt":"2024-10-26T13:20:44","slug":"sample-page","status":"publish","type":"page","link":"https:\/\/jugitage-ilfis.tvtrubschachen.ch\/?page_id=2","title":{"rendered":"Infos"},"content":{"rendered":"<p>Die Turnvereine B\u00e4rau und Trubschachen organisieren in den Jahren 2024 und 2025 die Jugitage vom oberen Verbandsgebiet.<\/p>\n<p>Endlich mal wieder Jugitage im oberen Emmental!<\/p>\n<p>Am <strong>22. + 23. Juni 2024<\/strong> sowie am <strong>23. + 24. August 2025<\/strong> finden in Langnau die Jugitage Ilfis statt.<\/p>\n<p>Jeweils am Samstag starten circa 300-400 Knaben aus den Jugendriegen zum sportlichen Kr\u00e4ftemessen. Am Sonntag kommen dann die rund 500-600 M\u00e4dchen dran.<\/p>\n<p>Wir freuen uns den Kindern und Jugendlichen die M\u00f6glichkeit zu bieten wieder einmal im sch\u00f6nen Emmental an einem Jugitag starten zu k\u00f6nnen.<\/p>\n<p>F\u00fcr die Jugitage Ilfis wurde ein OK aus Mitgliedern der beiden Turnvereine gegr\u00fcndet.<\/p>\n\n\n<figure class=\"wp-block-image size-full\"><img loading=\"lazy\" decoding=\"async\" width=\"945\" height=\"282\" src=\"https:\/\/jugitage-ilfis.tvtrubschachen.ch\/wp-content\/uploads\/2023\/12\/Organigramm_Jugitage-Ilfis.jpg\" alt=\"\" class=\"wp-image-125\" srcset=\"https:\/\/jugitage-ilfis.tvtrubschachen.ch\/wp-content\/uploads\/2023\/12\/Organigramm_Jugitage-Ilfis.jpg 945w, https:\/\/jugitage-ilfis.tvtrubschachen.ch\/wp-content\/uploads\/2023\/12\/Organigramm_Jugitage-Ilfis-300x90.jpg 300w, https:\/\/jugitage-ilfis.tvtrubschachen.ch\/wp-content\/uploads\/2023\/12\/Organigramm_Jugitage-Ilfis-768x229.jpg 768w\" sizes=\"auto, (max-width: 945px) 100vw, 945px\" \/><\/figure>\n\n\n\n<p>weitere Infos auf <a href=\"https:\/\/www.turnvereinbaerau.ch\/\">home &#8211; Turnverein B\u00e4rau (turnvereinbaerau.ch)<\/a> oder <a href=\"https:\/\/www.tvtrubschachen.ch\/\">TV Trubschachen<\/a><\/p>\n","protected":false},"excerpt":{"rendered":"<p>Die Turnvereine B\u00e4rau und Trubschachen organisieren in den Jahren 2024 und 2025 die Jugitage vom oberen Verbandsgebiet. Endlich mal wieder Jugitage im oberen Emmental! Am 22. + 23. Juni 2024 sowie am 23. + 24. August 2025 finden in Langnau die Jugitage Ilfis statt. Jeweils am Samstag starten circa 300-400 Knaben aus den Jugendriegen zum [&hellip;]<\/p>\n","protected":false},"author":1,"featured_media":0,"parent":0,"menu_order":0,"comment_status":"closed","ping_status":"open","template":"","meta":{"_themeisle_gutenberg_block_has_review":false,"footnotes":""},"class_list":["post-2","page","type-page","status-publish","hentry"],"_links":{"self":[{"href":"https:\/\/jugitage-ilfis.tvtrubschachen.ch\/index.php?rest_route=\/wp\/v2\/pages\/2","targetHints":{"allow":["GET"]}}],"collection":[{"href":"https:\/\/jugitage-ilfis.tvtrubschachen.ch\/index.php?rest_route=\/wp\/v2\/pages"}],"about":[{"href":"https:\/\/jugitage-ilfis.tvtrubschachen.ch\/index.php?rest_route=\/wp\/v2\/types\/page"}],"author":[{"embeddable":true,"href":"https:\/\/jugitage-ilfis.tvtrubschachen.ch\/index.php?rest_route=\/wp\/v2\/users\/1"}],"replies":[{"embeddable":true,"href":"https:\/\/jugitage-ilfis.tvtrubschachen.ch\/index.php?rest_route=%2Fwp%2Fv2%2Fcomments&post=2"}],"version-history":[{"count":9,"href":"https:\/\/jugitage-ilfis.tvtrubschachen.ch\/index.php?rest_route=\/wp\/v2\/pages\/2\/revisions"}],"predecessor-version":[{"id":214,"href":"https:\/\/jugitage-ilfis.tvtrubschachen.ch\/index.php?rest_route=\/wp\/v2\/pages\/2\/revisions\/214"}],"wp:attachment":[{"href":"https:\/\/jugitage-ilfis.tvtrubschachen.ch\/index.php?rest_route=%2Fwp%2Fv2%2Fmedia&parent=2"}],"curies":[{"name":"wp","href":"https:\/\/api.w.org\/{rel}","templated":true}]}}

<p>Die Turnvereine Bärau und Trubschachen organisieren in den Jahren 2024 und 2025 die Jugitage vom oberen Verbandsgebiet.</p>
<p>Endlich mal wieder Jugitage im oberen Emmental!</p>
<p>Am <strong>22. + 23. Juni 2024</strong> sowie am <strong>23. + 24. August 2025</strong> finden in Langnau die Jugitage Ilfis statt.</p>
<p>Jeweils am Samstag starten circa 300-400 Knaben aus den Jugendriegen zum sportlichen Kräftemessen. Am Sonntag kommen dann die rund 500-600 Mädchen dran.</p>
<p>Wir freuen uns den Kindern und Jugendlichen die Möglichkeit zu bieten wieder einmal im schönen Emmental an einem Jugitag starten zu können.</p>
<p>Für die Jugitage Ilfis wurde ein OK aus Mitgliedern der beiden Turnvereine gegründet.</p>


<figure class="wp-block-image size-full"><img loading="lazy" decoding="async" width="945" height="282" src="https://jugitage-ilfis.tvtrubschachen.ch/wp-content/uploads/2023/12/Organigramm_Jugitage-Ilfis.jpg" alt="" class="wp-image-125" srcset="https://jugitage-ilfis.tvtrubschachen.ch/wp-content/uploads/2023/12/Organigramm_Jugitage-Ilfis.jpg 945w, https://jugitage-ilfis.tvtrubschachen.ch/wp-content/uploads/2023/12/Organigramm_Jugitage-Ilfis-300x90.jpg 300w, https://jugitage-ilfis.tvtrubschachen.ch/wp-content/uploads/2023/12/Organigramm_Jugitage-Ilfis-768x229.jpg 768w" sizes="auto, (max-width: 945px) 100vw, 945px" /></figure>



<p>weitere Infos auf <a href="https://www.turnvereinbaerau.ch/">home &#8211; Turnverein Bärau (turnvereinbaerau.ch)</a> oder <a href="https://www.tvtrubschachen.ch/">TV Trubschachen</a></p>

<p>Die Turnvereine Bärau und Trubschachen organisieren in den Jahren 2024 und 2025 die Jugitage vom oberen Verbandsgebiet. Endlich mal wieder Jugitage im oberen Emmental! Am 22. + 23. Juni 2024 sowie am 23. + 24. August 2025 finden in Langnau die Jugitage Ilfis statt. Jeweils am Samstag starten circa 300-400 Knaben aus den Jugendriegen zum [&hellip;]</p>
